33 a factor of 12304?
False
Does 24 divide 10008?
True
Does 10 divide 1280?
True
Is 125 a factor of 1375?
True
Is 22 a factor of 22427?
False
Is 22520 a multiple of 4?
True
Does 23 divide 1242?
True
Is 120 a factor of 61440?
True
Is 6667 a multiple of 35?
False
Does 15 divide 510?
True
Does 131 divide 86677?
False
Is 14 a factor of 815?
False
Is 85 a factor of 8172?
False
Does 7 divide 6735?
False
Is 28 a factor of 41076?
True
Does 35 divide 25130?
True
Does 16 divide 5200?
True
Does 242 divide 22264?
True
Does 66 divide 2396?
False
Is 15 a factor of 4127?
False
Does 31 divide 4199?
False
Does 121 divide 58196?
False
Is 171 a factor of 19665?
True
Is 9060 a multiple of 24?
False
Does 28 divide 59552?
False
Is 12 a factor of 89799?
False
Is 4 a factor of 89?
False
Is 3 a factor of 87?
True
Is 12282 a multiple of 22?
False
Is 10 a multiple of 10?
True
Does 14 divide 49002?
False
Is 8266 a multiple of 21?
False
Is 2 a factor of 10707?
False
Is 6244 a multiple of 11?
False
Is 33 a factor of 31977?
True
Does 49 divide 3405?
False
Is 946 a multiple of 11?
True
Is 96 a factor of 2863?
False
Is 3 a factor of 6441?
True
Is 3990 a multiple of 14?
True
Does 4 divide 376?
True
Is 534 a multiple of 17?
False
Is 1077 a multiple of 109?
False
Is 114 a multiple of 19?
True
Is 13 a factor of 826?
False
Does 78 divide 3978?
True
Does 22 divide 419?
False
Is 272 a multiple of 3?
False
Is 1260 a multiple of 42?
True
Is 55958 a multiple of 91?
False
Is 50 a factor of 12950?
True
Is 1144 a multiple of 14?
False
Is 714 a multiple of 17?
True
Is 27 a factor of 25801?
False
Is 10 a factor of 300?
True
Does 8 divide 616?
True
Is 3108 a multiple of 42?
True
Is 19726 a multiple of 15?
False
Is 43 a factor of 821?
False
Is 8 a factor of 8560?
True
Is 36 a factor of 828?
True
Is 15 a factor of 3136?
False
Is 109 a factor of 2725?
True
Is 16 a factor of 22426?
False
Is 7 a multiple of 2?
False
Does 19 divide 551?
True
Does 17 divide 357?
True
Is 199 a factor of 40049?
False
Does 348 divide 36192?
True
Does 18 divide 23886?
True
Is 4888 a multiple of 52?
True
Is 60 a multiple of 3?
True
Is 11 a factor of 4070?
True
Does 46 divide 4115?
False
Does 60 divide 907?
False
Is 92 a factor of 460?
True
Is 691 a multiple of 18?
False
Does 44 divide 5831?
False
Is 8 a factor of 1167?
False
Does 14 divide 7070?
True
Is 100 a multiple of 3?
False
Does 18 divide 5706?
True
Does 39 divide 2730?
True
Does 45 divide 46103?
False
Does 79 divide 17010?
False
Is 15 a factor of 1445?
False
Is 302 a multiple of 6?
False
Is 71208 a multiple of 86?
True
Is 11952 a multiple of 9?
True
Is 21648 a multiple of 24?
True
Is 2864 a multiple of 14?
False
Is 5597 a multiple of 12?
False
Is 4 a factor of 2724?
True
Does 54 divide 1026?
True
Does 8 divide 6832?
True
Does 85 divide 23047?
False
Does 38 divide 19152?
True
Is 2562 a multiple of 21?
True
Does 36 divide 88678?
False
Is 19 a factor of 3012?
False
Is 90 a factor of 13590?
True
Is 22 a factor of 16924?
False
Is 510 a multiple of 6?
True
Is 20160 a multiple of 140?
True
Is 10 a factor of 416?
False
Is 6786 a multiple of 117?
True
Does 75 divide 375?
True
Does 12 divide 8843?
False
Is 7 a factor of 27398?
True
Is 3 a factor of 82?
False
Does 170 divide 15640?
True
Does 4 divide 85?
False
Is 59 a factor of 16933?
True
Is 12 a factor of 34889?
False
Is 10 a factor of 7060?
True
Does 36 divide 15156?
True
Is 9 a factor of 4212?
True
Does 7 divide 1106?
True
Is 30 a factor of 340?
False
Is 41219 a multiple of 21?
False
Does 62 divide 5022?
True
Does 68 divide 8636?
True
Is 79 a multiple of 9?
False
Is 462 a multiple of 33?
True
Is 110 a multiple of 15?
False
Is 9 a factor of 1522?
False
Is 432 a multiple of 9?
True
Is 7 a factor of 3990?
True
Does 16 divide 1152?
True
Is 18 a factor of 91?
False
Is 10816 a multiple of 32?
True
Does 52 divide 5928?
True
Is 7 a factor of 9650?
False
Is 6 a factor of 25?
False
Does 38 divide 1710?
True
Does 23 divide 1771?
True
Is 51 a factor of 992?
False
Is 23 a factor of 27541?
False
Is 16 a factor of 8505?
False
Is 14 a factor of 3066?
True
Is 375 a factor of 109269?
False
Is 1300 a multiple of 13?
True
Is 67 a factor of 1049?
False
Does 32 divide 14432?
True
Does 125 divide 39356?
False
Is 1017 a multiple of 31?
False
Does 81 divide 36531?
True
Does 39 divide 4474?
False
Is 21114 a multiple of 102?
True
Does 32 divide 95136?
True
Does 27 divide 1061?
False
Does 41 divide 32349?
True
Is 7 a factor of 1085?
True
Is 10 a factor of 1790?
True
Does 54 divide 1674?
True
Does 10 divide 664?
False
Is 100 a factor of 62500?
True
Does 33 divide 159?
False
Is 6 a factor of 121?
False
Is 25 a factor of 6100?
True
Does 107 divide 1926?
True
Is 11 a factor of 181?
False
Does 21 divide 1032?
False
Does 3 divide 72?
True
Does 2 divide 214?
True
Does 14 divide 630?
True
Is 144 a multiple of 48?
True
Is 1111 a multiple of 6?
False
Does 22 divide 396?
True
Is 5376 a multiple of 32?
True
Is 6 a factor of 3750?
True
Is 174 a multiple of 8?
False
Is 3 a factor of 1510?
False
Is 245 a multiple of 7?
True
Is 17 a factor of 782?
True
Is 144 a factor of 1296?
True
Is 12 a multiple of 2?
True
Is 3118 a multiple of 5?
False
Does 5 divide 723?
False
Is 123 a multiple of 8?
False
Does 8 divide 2320?
True
Does 122 divide 45209?
False
Does 16 divide 6416?
True
Is 17485 a multiple of 13?
True
Is 5537 a multiple of 26?
False
Does 21 divide 168?
True
Is 147 a factor of 11760?
True
Is 10405 a multiple of 9?
False
Is 292 a multiple of 19?
False
Is 15708 a multiple of 33?
True
Is 52 a multiple of 4?
True
Does 7 divide 7934?
False
Is 378 a multiple of 7?
True
Is 2104 a multiple of 9?
False
Is 2258 a multiple of 36?
False
Is 319 a multiple of 3?
False
Is 125 a multiple of 6?
False
Does 11 divide 2167?
True
Is 37 a factor of 15097?
False
Is 14 a factor of 4598?
False
Is 11180 a multiple of 10?
True
Is 15 a factor of 836?
False
Is 21 a factor of 64235?
False
Is 13 a factor of 19240?
True
Does 74 divide 740?
True
Is 171 a factor of 283?
False
Is 5 a factor of 24420?
True
Does 111 divide 25086?
True
Is 10 a factor of 1290?
True
Is 89939 a multiple of 31?
False
Does 10 divide 355?
False
Does 13 divide 11588?
False
Is 66 a multiple of 3?
True
Is 21 a factor of 27678?
True
Does 30 divide 1380?
True
Does 59 divide 1293?
False
Is 9334 a multiple of 13?
True
Is 13823 a multiple of 11?
False
Is 340 a multiple of 12?
False
Is 640 a multiple of 40?
True
Does 76 divide 112442?
False
Is 10870 a multiple of 41?
False
Is 429 a multiple of 11?
True
Is 104 a factor of 22215?
False
Is 39 a factor of 53391?
True
Does 16 divide 711?
False
Does 35 divide 210?
True
Is 3588 a multiple of 12?
True
Does 13 divide 7803?
False
Does 9 divide 85?
False
Is 30 a factor of 450?
True
Is 7020 a multiple of 15?
True
Is 1115 a multiple of 18?
False
Is 2739 a multiple of 113?
False
Is 90 a multiple of 3?
True
Does 21 divide 1281?
True
Is 75 a factor of 50475?
True
Does 195 divide 19890?
True
Does 264 divide 23402?
False
Is 1218 a multiple of 87?
True
Does 9 divide 118?
False
Is 9 a factor of 3876?
False
Is 5 a factor of 3375?
True
Is 12 a factor of 2012?
False
Is 10213 a multiple of 17?
False
Is 50 a factor of 3809?
False
Is 14634 a multiple of 52?
False
Does 110 divide 11250?
False
Is 20 a factor of 431?
False
Is 25 even?
False
Is 7 a factor of 1025?
False
Is 75 a factor of 7092?
False
Does 36 divide 1836?
True
Is 1353 a multiple of 21?
False
Is 75 a factor of 23025?
True
Is 39 a factor of 2227?
False
Is 1158 a multiple of 5?
False
Is 896 a multiple of 4?
True
Is 320 a multiple of 40?
True
Is 26 a factor of 65?
False
Does 13 divide 408?
False
Does 35 divide 140?
True
Is 350 even?
True
Does 131 divide 49649?
True
Does 30 divide 5244?
False
Is 38 a factor of 387?
False
Is 17150 a multiple of 25?
True
Is 18 a factor of 1581?
False
Is 2336 a multiple of 9?
False
Is 822 a multiple of 37?
False
Is 43 a factor of 4128?
True
Does 7 divide 231?
True
Is 4386 a multiple of 86?
True
Is 7955 a multiple of 49?
False
Does 10 divide 2650?
True
Is 10557 a multiple of 207?
True
Is 7769 a multiple of 48?
False
Is 14 a factor of 5418?
True
Does 165 divide 18031?
False
Is 69 a factor of 4623?
True
Is 432 a multiple of 36?
True
Is 1116 a multiple of 12?
True
Is 89 a factor of 683?
False
Is 15 a factor of 199?
Fal